{"id":8397,"date":"2026-01-01T20:20:36","date_gmt":"2026-01-01T20:20:36","guid":{"rendered":"https:\/\/tiendasdorado.online\/product-category\/catalogo\/product\/collar-manos-magnetico-tarjet-cajaregal\/"},"modified":"2026-01-01T20:51:31","modified_gmt":"2026-01-01T20:51:31","slug":"collar-manos-magnetico-tarjet-cajaregal","status":"publish","type":"product","link":"https:\/\/tiendasdorado.online\/product-category\/catalogo\/product\/collar-manos-magnetico-tarjet-cajaregal\/","title":{"rendered":"Collar manos magnetico para  parejas"},"content":{"rendered":"<p data-start=\"117\" data-end=\"137\"><strong data-start=\"117\" data-end=\"137\">Caracter\u00edsticas:<\/strong><\/p>\n<ul data-start=\"139\" data-end=\"297\">\n<li data-start=\"139\" data-end=\"176\">\n<p data-start=\"141\" data-end=\"176\"><strong data-start=\"141\" data-end=\"164\">Largo de la cadena:<\/strong> 40 + 5 cm<\/p>\n<\/li>\n<li data-start=\"177\" data-end=\"206\">\n<p data-start=\"179\" data-end=\"206\"><strong data-start=\"179\" data-end=\"199\">Tama\u00f1o del dije:<\/strong> 3 cm<\/p>\n<\/li>\n<li data-start=\"207\" data-end=\"252\">\n<p data-start=\"209\" data-end=\"252\"><strong data-start=\"209\" data-end=\"233\">Material del collar:<\/strong> Acero inoxidable<\/p>\n<\/li>\n<li data-start=\"253\" data-end=\"297\">\n<p data-start=\"255\" data-end=\"297\"><strong data-start=\"255\" data-end=\"277\">Material del dije:<\/strong> Cobre galvanizado<\/p>\n<\/li>\n<\/ul>\n<p data-start=\"299\" data-end=\"512\">\ud83d\udc9e <strong data-start=\"302\" data-end=\"322\">Dise\u00f1o especial:<\/strong><br data-start=\"322\" data-end=\"325\" \/>Incluye <strong data-start=\"333\" data-end=\"376\">dos collares que se unen magn\u00e9ticamente<\/strong>, ideales para <strong data-start=\"391\" data-end=\"420\">parejas, amigos o familia<\/strong>.<br data-start=\"421\" data-end=\"424\" \/>Los dijes cuentan con <strong data-start=\"446\" data-end=\"473\" data-is-only-node=\"\">dos posiciones de uni\u00f3n<\/strong>, brindando un dise\u00f1o vers\u00e1til y \u00fanico.<\/p>\n<p data-start=\"514\" data-end=\"632\">\ud83c\udf81 <strong data-start=\"517\" data-end=\"543\">Incluye caja de regalo<\/strong><br data-start=\"543\" data-end=\"546\" \/>Aumenta la percepci\u00f3n de valor y lo hace perfecto para obsequiar en cualquier ocasi\u00f3n.<\/p>\n","protected":false},"excerpt":{"rendered":"<p>Joyeria<\/p>\n","protected":false},"featured_media":8401,"comment_status":"open","ping_status":"closed","template":"","meta":{"_surecart_dashboard_logo_width":"180px","_surecart_dashboard_show_logo":true,"_surecart_dashboard_navigation_orders":true,"_surecart_dashboard_navigation_invoices":true,"_surecart_dashboard_navigation_subscriptions":true,"_surecart_dashboard_navigation_downloads":true,"_surecart_dashboard_navigation_billing":true,"_surecart_dashboard_navigation_account":true,"_uag_custom_page_level_css":"","site-sidebar-layout":"default","site-content-layout":"","ast-site-content-layout":"default","site-content-style":"default","site-sidebar-style":"default","ast-global-header-display":"","ast-banner-title-visibility":"","ast-main-header-display":"","ast-hfb-above-header-display":"","ast-hfb-below-header-display":"","ast-hfb-mobile-header-display":"","site-post-title":"","ast-breadcrumbs-content":"","ast-featured-img":"","footer-sml-layout":"","ast-disable-related-posts":"","theme-transparent-header-meta":"default","adv-header-id-meta":"","stick-header-meta":"","header-above-stick-meta":"","header-main-stick-meta":"","header-below-stick-meta":"","astra-migrate-meta-layouts":"set","ast-page-background-enabled":"default","ast-page-background-meta":{"desktop":{"background-color":"var(--ast-global-color-4)","background-image":"","background-repeat":"repeat","background-position":"center center","background-size":"auto","background-attachment":"scroll","background-type":"","background-media":"","overlay-type":"","overlay-color":"","overlay-opacity":"","overlay-gradient":""},"tablet":{"background-color":"","background-image":"","background-repeat":"repeat","background-position":"center center","background-size":"auto","background-attachment":"scroll","background-type":"","background-media":"","overlay-type":"","overlay-color":"","overlay-opacity":"","overlay-gradient":""},"mobile":{"background-color":"","background-image":"","background-repeat":"repeat","background-position":"center center","background-size":"auto","background-attachment":"scroll","background-type":"","background-media":"","overlay-type":"","overlay-color":"","overlay-opacity":"","overlay-gradient":""}},"ast-content-background-meta":{"desktop":{"background-color":"var(--ast-global-color-5)","background-image":"","background-repeat":"repeat","background-position":"center center","background-size":"auto","background-attachment":"scroll","background-type":"","background-media":"","overlay-type":"","overlay-color":"","overlay-opacity":"","overlay-gradient":""},"tablet":{"background-color":"var(--ast-global-color-5)","background-image":"","background-repeat":"repeat","background-position":"center center","background-size":"auto","background-attachment":"scroll","background-type":"","background-media":"","overlay-type":"","overlay-color":"","overlay-opacity":"","overlay-gradient":""},"mobile":{"background-color":"var(--ast-global-color-5)","background-image":"","background-repeat":"repeat","background-position":"center center","background-size":"auto","background-attachment":"scroll","background-type":"","background-media":"","overlay-type":"","overlay-color":"","overlay-opacity":"","overlay-gradient":""}}},"product_brand":[],"product_cat":[43],"product_tag":[],"class_list":{"0":"post-8397","1":"product","2":"type-product","3":"status-publish","4":"has-post-thumbnail","6":"product_cat-relojes","7":"desktop-align-left","8":"tablet-align-left","9":"mobile-align-left","11":"first","12":"instock","13":"shipping-taxable","14":"purchasable","15":"product-type-simple"},"aioseo_notices":[],"uagb_featured_image_src":{"full":["https:\/\/tiendasdorado.online\/wp-content\/uploads\/2026\/01\/image-e5ebf58f7f6a49088781308587d9e170.webp",1000,1000,false],"thumbnail":["https:\/\/tiendasdorado.online\/wp-content\/uploads\/2026\/01\/image-e5ebf58f7f6a49088781308587d9e170-150x150.webp",150,150,true],"medium":["https:\/\/tiendasdorado.online\/wp-content\/uploads\/2026\/01\/image-e5ebf58f7f6a49088781308587d9e170-300x300.webp",300,300,true],"medium_large":["https:\/\/tiendasdorado.online\/wp-content\/uploads\/2026\/01\/image-e5ebf58f7f6a49088781308587d9e170-768x768.webp",768,768,true],"large":["https:\/\/tiendasdorado.online\/wp-content\/uploads\/2026\/01\/image-e5ebf58f7f6a49088781308587d9e170.webp",1000,1000,false],"1536x1536":["https:\/\/tiendasdorado.online\/wp-content\/uploads\/2026\/01\/image-e5ebf58f7f6a49088781308587d9e170.webp",1000,1000,false],"2048x2048":["https:\/\/tiendasdorado.online\/wp-content\/uploads\/2026\/01\/image-e5ebf58f7f6a49088781308587d9e170.webp",1000,1000,false],"woocommerce_thumbnail":["https:\/\/tiendasdorado.online\/wp-content\/uploads\/2026\/01\/image-e5ebf58f7f6a49088781308587d9e170-300x300.webp",300,300,true],"woocommerce_single":["https:\/\/tiendasdorado.online\/wp-content\/uploads\/2026\/01\/image-e5ebf58f7f6a49088781308587d9e170-600x600.webp",600,600,true],"woocommerce_gallery_thumbnail":["https:\/\/tiendasdorado.online\/wp-content\/uploads\/2026\/01\/image-e5ebf58f7f6a49088781308587d9e170-100x100.webp",100,100,true]},"uagb_author_info":{"display_name":"Crsitian Paguai","author_link":"https:\/\/tiendasdorado.online\/product-category\/catalogo\/author\/"},"uagb_comment_info":0,"uagb_excerpt":"Joyeria","_links":{"self":[{"href":"https:\/\/tiendasdorado.online\/product-category\/catalogo\/wp-json\/wp\/v2\/product\/8397","targetHints":{"allow":["GET"]}}],"collection":[{"href":"https:\/\/tiendasdorado.online\/product-category\/catalogo\/wp-json\/wp\/v2\/product"}],"about":[{"href":"https:\/\/tiendasdorado.online\/product-category\/catalogo\/wp-json\/wp\/v2\/types\/product"}],"replies":[{"embeddable":true,"href":"https:\/\/tiendasdorado.online\/product-category\/catalogo\/wp-json\/wp\/v2\/comments?post=8397"}],"wp:featuredmedia":[{"embeddable":true,"href":"https:\/\/tiendasdorado.online\/product-category\/catalogo\/wp-json\/wp\/v2\/media\/8401"}],"wp:attachment":[{"href":"https:\/\/tiendasdorado.online\/product-category\/catalogo\/wp-json\/wp\/v2\/media?parent=8397"}],"wp:term":[{"taxonomy":"product_brand","embeddable":true,"href":"https:\/\/tiendasdorado.online\/product-category\/catalogo\/wp-json\/wp\/v2\/product_brand?post=8397"},{"taxonomy":"product_cat","embeddable":true,"href":"https:\/\/tiendasdorado.online\/product-category\/catalogo\/wp-json\/wp\/v2\/product_cat?post=8397"},{"taxonomy":"product_tag","embeddable":true,"href":"https:\/\/tiendasdorado.online\/product-category\/catalogo\/wp-json\/wp\/v2\/product_tag?post=8397"}],"curies":[{"name":"wp","href":"https:\/\/api.w.org\/{rel}","templated":true}]}}