{"id":7733,"date":"2025-08-10T23:18:38","date_gmt":"2025-08-10T23:18:38","guid":{"rendered":"https:\/\/tiendasdorado.online\/product\/bolso-de-hombro-antirrobo\/"},"modified":"2025-08-10T23:22:43","modified_gmt":"2025-08-10T23:22:43","slug":"bolso-de-hombro-antirrobo","status":"publish","type":"product","link":"https:\/\/tiendasdorado.online\/product-category\/catalogo\/product\/bolso-de-hombro-antirrobo\/","title":{"rendered":"BOLSO DE HOMBRO ANTIRROBO"},"content":{"rendered":"<p data-start=\"139\" data-end=\"257\">Correa de hombro ajustable: se adapta a hombres y mujeres, brinda m\u00e1s comodidad y alivia el neum\u00e1tico de su hombro. \ud83c\udf92<\/p>\n<p data-start=\"259\" data-end=\"408\">F\u00e1cil de cargar: esta bolsa tiene una interfaz de carga USB en el costado, conecte sus bancos de energ\u00eda port\u00e1tiles con su tel\u00e9fono inteligente. \ud83d\udd0c\ud83d\udcf1<\/p>\n<p data-start=\"410\" data-end=\"643\">Con funci\u00f3n antirrobo, es pr\u00e1ctico y conveniente. \ud83d\udd12<\/p>\n<p data-start=\"410\" data-end=\"643\">Protecci\u00f3n de privacidad de bloqueo de contrase\u00f1a, use una contrase\u00f1a de tres d\u00edgitos para bloquear el deslizador para evitar que la bolsa de pecho se abra para robar art\u00edculos. \ud83e\uddf3<\/p>\n","protected":false},"excerpt":{"rendered":"<p>Correa de hombro ajustable: se adapta a hombres y mujeres, brinda m\u00e1s comodidad y alivia el neum\u00e1tico de su hombro. \ud83c\udf92 F\u00e1cil de cargar: esta bolsa tiene una interfaz de carga USB en el costado, conecte sus bancos de energ\u00eda port\u00e1tiles con su tel\u00e9fono inteligente. \ud83d\udd0c\ud83d\udcf1 Con funci\u00f3n antirrobo, es pr\u00e1ctico y conveniente. \ud83d\udd12 Protecci\u00f3n [&hellip;]<\/p>\n","protected":false},"featured_media":7738,"comment_status":"open","ping_status":"closed","template":"","meta":{"_surecart_dashboard_logo_width":"180px","_surecart_dashboard_show_logo":true,"_surecart_dashboard_navigation_orders":true,"_surecart_dashboard_navigation_invoices":true,"_surecart_dashboard_navigation_subscriptions":true,"_surecart_dashboard_navigation_downloads":true,"_surecart_dashboard_navigation_billing":true,"_surecart_dashboard_navigation_account":true,"_uag_custom_page_level_css":"","site-sidebar-layout":"default","site-content-layout":"","ast-site-content-layout":"default","site-content-style":"default","site-sidebar-style":"default","ast-global-header-display":"","ast-banner-title-visibility":"","ast-main-header-display":"","ast-hfb-above-header-display":"","ast-hfb-below-header-display":"","ast-hfb-mobile-header-display":"","site-post-title":"","ast-breadcrumbs-content":"","ast-featured-img":"","footer-sml-layout":"","ast-disable-related-posts":"","theme-transparent-header-meta":"default","adv-header-id-meta":"","stick-header-meta":"","header-above-stick-meta":"","header-main-stick-meta":"","header-below-stick-meta":"","astra-migrate-meta-layouts":"set","ast-page-background-enabled":"default","ast-page-background-meta":{"desktop":{"background-color":"var(--ast-global-color-4)","background-image":"","background-repeat":"repeat","background-position":"center center","background-size":"auto","background-attachment":"scroll","background-type":"","background-media":"","overlay-type":"","overlay-color":"","overlay-opacity":"","overlay-gradient":""},"tablet":{"background-color":"","background-image":"","background-repeat":"repeat","background-position":"center center","background-size":"auto","background-attachment":"scroll","background-type":"","background-media":"","overlay-type":"","overlay-color":"","overlay-opacity":"","overlay-gradient":""},"mobile":{"background-color":"","background-image":"","background-repeat":"repeat","background-position":"center center","background-size":"auto","background-attachment":"scroll","background-type":"","background-media":"","overlay-type":"","overlay-color":"","overlay-opacity":"","overlay-gradient":""}},"ast-content-background-meta":{"desktop":{"background-color":"var(--ast-global-color-5)","background-image":"","background-repeat":"repeat","background-position":"center center","background-size":"auto","background-attachment":"scroll","background-type":"","background-media":"","overlay-type":"","overlay-color":"","overlay-opacity":"","overlay-gradient":""},"tablet":{"background-color":"var(--ast-global-color-5)","background-image":"","background-repeat":"repeat","background-position":"center center","background-size":"auto","background-attachment":"scroll","background-type":"","background-media":"","overlay-type":"","overlay-color":"","overlay-opacity":"","overlay-gradient":""},"mobile":{"background-color":"var(--ast-global-color-5)","background-image":"","background-repeat":"repeat","background-position":"center center","background-size":"auto","background-attachment":"scroll","background-type":"","background-media":"","overlay-type":"","overlay-color":"","overlay-opacity":"","overlay-gradient":""}}},"product_brand":[],"product_cat":[115],"product_tag":[],"class_list":{"0":"post-7733","1":"product","2":"type-product","3":"status-publish","4":"has-post-thumbnail","6":"product_cat-moda-2","7":"desktop-align-left","8":"tablet-align-left","9":"mobile-align-left","11":"first","12":"instock","13":"shipping-taxable","14":"purchasable","15":"product-type-simple"},"aioseo_notices":[],"uagb_featured_image_src":{"full":["https:\/\/tiendasdorado.online\/wp-content\/uploads\/2025\/08\/1739811112Bolso-de-hombro-multifunci-n-antirrobo-USB-para-hombre-bandolera-cruzada-de-viaje-bolsas-de-pecho.jpg_f477cf36-f487-41c8-a8f4-6d045552ff38.webp",800,800,false],"thumbnail":["https:\/\/tiendasdorado.online\/wp-content\/uploads\/2025\/08\/1739811112Bolso-de-hombro-multifunci-n-antirrobo-USB-para-hombre-bandolera-cruzada-de-viaje-bolsas-de-pecho.jpg_f477cf36-f487-41c8-a8f4-6d045552ff38-150x150.webp",150,150,true],"medium":["https:\/\/tiendasdorado.online\/wp-content\/uploads\/2025\/08\/1739811112Bolso-de-hombro-multifunci-n-antirrobo-USB-para-hombre-bandolera-cruzada-de-viaje-bolsas-de-pecho.jpg_f477cf36-f487-41c8-a8f4-6d045552ff38-300x300.webp",300,300,true],"medium_large":["https:\/\/tiendasdorado.online\/wp-content\/uploads\/2025\/08\/1739811112Bolso-de-hombro-multifunci-n-antirrobo-USB-para-hombre-bandolera-cruzada-de-viaje-bolsas-de-pecho.jpg_f477cf36-f487-41c8-a8f4-6d045552ff38-768x768.webp",768,768,true],"large":["https:\/\/tiendasdorado.online\/wp-content\/uploads\/2025\/08\/1739811112Bolso-de-hombro-multifunci-n-antirrobo-USB-para-hombre-bandolera-cruzada-de-viaje-bolsas-de-pecho.jpg_f477cf36-f487-41c8-a8f4-6d045552ff38.webp",800,800,false],"1536x1536":["https:\/\/tiendasdorado.online\/wp-content\/uploads\/2025\/08\/1739811112Bolso-de-hombro-multifunci-n-antirrobo-USB-para-hombre-bandolera-cruzada-de-viaje-bolsas-de-pecho.jpg_f477cf36-f487-41c8-a8f4-6d045552ff38.webp",800,800,false],"2048x2048":["https:\/\/tiendasdorado.online\/wp-content\/uploads\/2025\/08\/1739811112Bolso-de-hombro-multifunci-n-antirrobo-USB-para-hombre-bandolera-cruzada-de-viaje-bolsas-de-pecho.jpg_f477cf36-f487-41c8-a8f4-6d045552ff38.webp",800,800,false],"woocommerce_thumbnail":["https:\/\/tiendasdorado.online\/wp-content\/uploads\/2025\/08\/1739811112Bolso-de-hombro-multifunci-n-antirrobo-USB-para-hombre-bandolera-cruzada-de-viaje-bolsas-de-pecho.jpg_f477cf36-f487-41c8-a8f4-6d045552ff38-300x300.webp",300,300,true],"woocommerce_single":["https:\/\/tiendasdorado.online\/wp-content\/uploads\/2025\/08\/1739811112Bolso-de-hombro-multifunci-n-antirrobo-USB-para-hombre-bandolera-cruzada-de-viaje-bolsas-de-pecho.jpg_f477cf36-f487-41c8-a8f4-6d045552ff38-600x600.webp",600,600,true],"woocommerce_gallery_thumbnail":["https:\/\/tiendasdorado.online\/wp-content\/uploads\/2025\/08\/1739811112Bolso-de-hombro-multifunci-n-antirrobo-USB-para-hombre-bandolera-cruzada-de-viaje-bolsas-de-pecho.jpg_f477cf36-f487-41c8-a8f4-6d045552ff38-100x100.webp",100,100,true]},"uagb_author_info":{"display_name":"Crsitian Paguai","author_link":"https:\/\/tiendasdorado.online\/product-category\/catalogo\/author\/"},"uagb_comment_info":0,"uagb_excerpt":"Correa de hombro ajustable: se adapta a hombres y mujeres, brinda m\u00e1s comodidad y alivia el neum\u00e1tico de su hombro. \ud83c\udf92 F\u00e1cil de cargar: esta bolsa tiene una interfaz de carga USB en el costado, conecte sus bancos de energ\u00eda port\u00e1tiles con su tel\u00e9fono inteligente. \ud83d\udd0c\ud83d\udcf1 Con funci\u00f3n antirrobo, es pr\u00e1ctico y conveniente. \ud83d\udd12 Protecci\u00f3n&hellip;","_links":{"self":[{"href":"https:\/\/tiendasdorado.online\/product-category\/catalogo\/wp-json\/wp\/v2\/product\/7733","targetHints":{"allow":["GET"]}}],"collection":[{"href":"https:\/\/tiendasdorado.online\/product-category\/catalogo\/wp-json\/wp\/v2\/product"}],"about":[{"href":"https:\/\/tiendasdorado.online\/product-category\/catalogo\/wp-json\/wp\/v2\/types\/product"}],"replies":[{"embeddable":true,"href":"https:\/\/tiendasdorado.online\/product-category\/catalogo\/wp-json\/wp\/v2\/comments?post=7733"}],"wp:featuredmedia":[{"embeddable":true,"href":"https:\/\/tiendasdorado.online\/product-category\/catalogo\/wp-json\/wp\/v2\/media\/7738"}],"wp:attachment":[{"href":"https:\/\/tiendasdorado.online\/product-category\/catalogo\/wp-json\/wp\/v2\/media?parent=7733"}],"wp:term":[{"taxonomy":"product_brand","embeddable":true,"href":"https:\/\/tiendasdorado.online\/product-category\/catalogo\/wp-json\/wp\/v2\/product_brand?post=7733"},{"taxonomy":"product_cat","embeddable":true,"href":"https:\/\/tiendasdorado.online\/product-category\/catalogo\/wp-json\/wp\/v2\/product_cat?post=7733"},{"taxonomy":"product_tag","embeddable":true,"href":"https:\/\/tiendasdorado.online\/product-category\/catalogo\/wp-json\/wp\/v2\/product_tag?post=7733"}],"curies":[{"name":"wp","href":"https:\/\/api.w.org\/{rel}","templated":true}]}}