{"id":7605,"date":"2025-07-30T02:17:48","date_gmt":"2025-07-30T02:17:48","guid":{"rendered":"https:\/\/tiendasdorado.online\/product\/bocina-para-bicicleta-pito-timbre-90-db-silicona\/"},"modified":"2026-02-18T15:32:32","modified_gmt":"2026-02-18T20:32:32","slug":"bocina-para-bicicleta-pito-timbre-90-db-silicona","status":"publish","type":"product","link":"https:\/\/tiendasdorado.online\/product-category\/catalogo\/product\/bocina-para-bicicleta-pito-timbre-90-db-silicona\/","title":{"rendered":"Bocina para Bicicleta tipo timbre silicona"},"content":{"rendered":"<p data-start=\"252\" data-end=\"318\"><strong data-start=\"252\" data-end=\"304\">Bocina Para Bicicleta Pito Timbre 90 Db Silicona<\/strong><br data-start=\"304\" data-end=\"307\" \/>\ud83d\udd0a\ud83d\udeb4\u200d\u2642\ufe0f\ud83d\udca7\ud83d\udd27<\/p>\n<p data-start=\"320\" data-end=\"402\">\u2022 Funciona con 2 bater\u00edas tipo reloj. \ud83d\udd0b<br data-start=\"360\" data-end=\"363\" \/>\u2022 Posee 5 tonos intercambiables. \ud83d\udd0a\ud83c\udfb6<\/p>\n<p data-start=\"404\" data-end=\"447\">Medidas: 3cm de ancho * 10 cm de largo \ud83d\udccf<\/p>\n<p data-start=\"449\" data-end=\"562\"><strong data-start=\"449\" data-end=\"471\">Modo de 3 sonidos:<\/strong><br data-start=\"471\" data-end=\"474\" \/>Hay tres modelos de sonidos: campanas de metal, silbatos y campanas infantiles. \ud83d\udd14\ud83d\udce2\ud83e\uddf8<\/p>\n<p data-start=\"564\" data-end=\"688\">El sonido es muy fuerte y claro. Despu\u00e9s de presionar durante 3 segundos en el interruptor, puedes cambiar otro sonido. \u23f1\ufe0f<\/p>\n<p data-start=\"690\" data-end=\"856\"><strong data-start=\"690\" data-end=\"718\">IPX4 resistente al agua:<\/strong><br data-start=\"718\" data-end=\"721\" \/>Este exclusivo timbre de bicicleta es a prueba de polvo, nivel de impermeabilidad IPX4, tambi\u00e9n se puede utilizar cuando llueve. \ud83d\udca7\ud83d\udeb2<\/p>\n<p data-start=\"858\" data-end=\"1042\"><strong data-start=\"858\" data-end=\"880\">F\u00e1cil de instalar:<\/strong><br data-start=\"880\" data-end=\"883\" \/>La campana est\u00e1 montada con un gancho en la parte posterior, la banda es el\u00e1stica y suave para ajustar diferentes di\u00e1metros y tampoco da\u00f1a el manillar. \ud83d\udd27\ud83d\udee0\ufe0f<\/p>\n","protected":false},"excerpt":{"rendered":"<p>Tecnolog\u00eda y electrodomesticos<\/p>\n","protected":false},"featured_media":7604,"comment_status":"open","ping_status":"closed","template":"","meta":{"_surecart_dashboard_logo_width":"180px","_surecart_dashboard_show_logo":true,"_surecart_dashboard_navigation_orders":true,"_surecart_dashboard_navigation_invoices":true,"_surecart_dashboard_navigation_subscriptions":true,"_surecart_dashboard_navigation_downloads":true,"_surecart_dashboard_navigation_billing":true,"_surecart_dashboard_navigation_account":true,"_uag_custom_page_level_css":"","site-sidebar-layout":"default","site-content-layout":"","ast-site-content-layout":"default","site-content-style":"default","site-sidebar-style":"default","ast-global-header-display":"","ast-banner-title-visibility":"","ast-main-header-display":"","ast-hfb-above-header-display":"","ast-hfb-below-header-display":"","ast-hfb-mobile-header-display":"","site-post-title":"","ast-breadcrumbs-content":"","ast-featured-img":"","footer-sml-layout":"","ast-disable-related-posts":"","theme-transparent-header-meta":"default","adv-header-id-meta":"","stick-header-meta":"","header-above-stick-meta":"","header-main-stick-meta":"","header-below-stick-meta":"","astra-migrate-meta-layouts":"set","ast-page-background-enabled":"default","ast-page-background-meta":{"desktop":{"background-color":"var(--ast-global-color-4)","background-image":"","background-repeat":"repeat","background-position":"center center","background-size":"auto","background-attachment":"scroll","background-type":"","background-media":"","overlay-type":"","overlay-color":"","overlay-opacity":"","overlay-gradient":""},"tablet":{"background-color":"","background-image":"","background-repeat":"repeat","background-position":"center center","background-size":"auto","background-attachment":"scroll","background-type":"","background-media":"","overlay-type":"","overlay-color":"","overlay-opacity":"","overlay-gradient":""},"mobile":{"background-color":"","background-image":"","background-repeat":"repeat","background-position":"center center","background-size":"auto","background-attachment":"scroll","background-type":"","background-media":"","overlay-type":"","overlay-color":"","overlay-opacity":"","overlay-gradient":""}},"ast-content-background-meta":{"desktop":{"background-color":"var(--ast-global-color-5)","background-image":"","background-repeat":"repeat","background-position":"center center","background-size":"auto","background-attachment":"scroll","background-type":"","background-media":"","overlay-type":"","overlay-color":"","overlay-opacity":"","overlay-gradient":""},"tablet":{"background-color":"var(--ast-global-color-5)","background-image":"","background-repeat":"repeat","background-position":"center center","background-size":"auto","background-attachment":"scroll","background-type":"","background-media":"","overlay-type":"","overlay-color":"","overlay-opacity":"","overlay-gradient":""},"mobile":{"background-color":"var(--ast-global-color-5)","background-image":"","background-repeat":"repeat","background-position":"center center","background-size":"auto","background-attachment":"scroll","background-type":"","background-media":"","overlay-type":"","overlay-color":"","overlay-opacity":"","overlay-gradient":""}}},"product_brand":[],"product_cat":[56],"product_tag":[],"class_list":{"0":"post-7605","1":"product","2":"type-product","3":"status-publish","4":"has-post-thumbnail","6":"product_cat-tecnologia","7":"desktop-align-left","8":"tablet-align-left","9":"mobile-align-left","11":"first","12":"instock","13":"shipping-taxable","14":"purchasable","15":"product-type-simple"},"aioseo_notices":[],"uagb_featured_image_src":{"full":["https:\/\/tiendasdorado.online\/wp-content\/uploads\/2025\/07\/productImage-1748629516061.png",800,800,false],"thumbnail":["https:\/\/tiendasdorado.online\/wp-content\/uploads\/2025\/07\/productImage-1748629516061-150x150.png",150,150,true],"medium":["https:\/\/tiendasdorado.online\/wp-content\/uploads\/2025\/07\/productImage-1748629516061-300x300.png",300,300,true],"medium_large":["https:\/\/tiendasdorado.online\/wp-content\/uploads\/2025\/07\/productImage-1748629516061-768x768.png",768,768,true],"large":["https:\/\/tiendasdorado.online\/wp-content\/uploads\/2025\/07\/productImage-1748629516061.png",800,800,false],"1536x1536":["https:\/\/tiendasdorado.online\/wp-content\/uploads\/2025\/07\/productImage-1748629516061.png",800,800,false],"2048x2048":["https:\/\/tiendasdorado.online\/wp-content\/uploads\/2025\/07\/productImage-1748629516061.png",800,800,false],"woocommerce_thumbnail":["https:\/\/tiendasdorado.online\/wp-content\/uploads\/2025\/07\/productImage-1748629516061-300x300.png",300,300,true],"woocommerce_single":["https:\/\/tiendasdorado.online\/wp-content\/uploads\/2025\/07\/productImage-1748629516061-600x600.png",600,600,true],"woocommerce_gallery_thumbnail":["https:\/\/tiendasdorado.online\/wp-content\/uploads\/2025\/07\/productImage-1748629516061-100x100.png",100,100,true]},"uagb_author_info":{"display_name":"Crsitian Paguai","author_link":"https:\/\/tiendasdorado.online\/product-category\/catalogo\/author\/"},"uagb_comment_info":6,"uagb_excerpt":"Tecnolog\u00eda y electrodomesticos","_links":{"self":[{"href":"https:\/\/tiendasdorado.online\/product-category\/catalogo\/wp-json\/wp\/v2\/product\/7605","targetHints":{"allow":["GET"]}}],"collection":[{"href":"https:\/\/tiendasdorado.online\/product-category\/catalogo\/wp-json\/wp\/v2\/product"}],"about":[{"href":"https:\/\/tiendasdorado.online\/product-category\/catalogo\/wp-json\/wp\/v2\/types\/product"}],"replies":[{"embeddable":true,"href":"https:\/\/tiendasdorado.online\/product-category\/catalogo\/wp-json\/wp\/v2\/comments?post=7605"}],"wp:featuredmedia":[{"embeddable":true,"href":"https:\/\/tiendasdorado.online\/product-category\/catalogo\/wp-json\/wp\/v2\/media\/7604"}],"wp:attachment":[{"href":"https:\/\/tiendasdorado.online\/product-category\/catalogo\/wp-json\/wp\/v2\/media?parent=7605"}],"wp:term":[{"taxonomy":"product_brand","embeddable":true,"href":"https:\/\/tiendasdorado.online\/product-category\/catalogo\/wp-json\/wp\/v2\/product_brand?post=7605"},{"taxonomy":"product_cat","embeddable":true,"href":"https:\/\/tiendasdorado.online\/product-category\/catalogo\/wp-json\/wp\/v2\/product_cat?post=7605"},{"taxonomy":"product_tag","embeddable":true,"href":"https:\/\/tiendasdorado.online\/product-category\/catalogo\/wp-json\/wp\/v2\/product_tag?post=7605"}],"curies":[{"name":"wp","href":"https:\/\/api.w.org\/{rel}","templated":true}]}}