{"id":7316,"date":"2025-07-20T22:36:46","date_gmt":"2025-07-20T22:36:46","guid":{"rendered":"https:\/\/tiendasdorado.online\/product\/hoodies-buso-flor-f120\/"},"modified":"2026-01-03T14:34:50","modified_gmt":"2026-01-03T14:34:50","slug":"hoodies-buso-flor-f120","status":"publish","type":"product","link":"https:\/\/tiendasdorado.online\/product-category\/catalogo\/product\/hoodies-buso-flor-f120\/","title":{"rendered":"Hoodi estampado flor"},"content":{"rendered":"<p data-start=\"163\" data-end=\"228\">\u2728 <strong data-start=\"165\" data-end=\"190\">Detalles de la prenda<\/strong> \u2728<br data-start=\"192\" data-end=\"195\" \/>\ud83d\udc55 <strong data-start=\"198\" data-end=\"211\">Material:<\/strong> Algod\u00f3n M\u00f3naco<\/p>\n<p data-start=\"230\" data-end=\"377\"><strong data-start=\"230\" data-end=\"268\">Estilo Urbano que Impone Tendencia<\/strong> \ud83d\udd25<br data-start=\"271\" data-end=\"274\" \/>Luce diferente con este outfit de corte moderno y vers\u00e1til, ideal para destacar en cualquier entorno.<\/p>\n<p data-start=\"379\" data-end=\"567\">Disponible en varios colores, su dise\u00f1o con estampado de flores abstractas aporta un toque fresco y original. \ud83c\udf38\ud83c\udfa8 Perfecto para quienes buscan comodidad y estilo callejero aut\u00e9ntico. \ud83d\udc32<\/p>\n<p data-start=\"569\" data-end=\"671\">\ud83c\udfa8 <strong data-start=\"572\" data-end=\"596\">Colores disponibles:<\/strong> Detallados en fotos<br data-start=\"616\" data-end=\"619\" \/>\ud83d\udccf <strong data-start=\"622\" data-end=\"633\">Tallas:<\/strong> (\u00danica se ajusta a S, M, L) \ud83d\udfe2\u26ab\ud83d\udd34\ud83d\udd18<\/p>\n<p data-start=\"673\" data-end=\"841\">Nuestros productos han sido probados y cuentan con un alto rendimiento. Adem\u00e1s, est\u00e1n confeccionados con materiales de excelente calidad que tus clientes amar\u00e1n. \u2764\ufe0f\ud83d\udc4c<\/p>\n","protected":false},"excerpt":{"rendered":"<p>tallas unica<\/p>\n","protected":false},"featured_media":7322,"comment_status":"open","ping_status":"closed","template":"","meta":{"_surecart_dashboard_logo_width":"180px","_surecart_dashboard_show_logo":true,"_surecart_dashboard_navigation_orders":true,"_surecart_dashboard_navigation_invoices":true,"_surecart_dashboard_navigation_subscriptions":true,"_surecart_dashboard_navigation_downloads":true,"_surecart_dashboard_navigation_billing":true,"_surecart_dashboard_navigation_account":true,"_uag_custom_page_level_css":"","site-sidebar-layout":"default","site-content-layout":"","ast-site-content-layout":"default","site-content-style":"default","site-sidebar-style":"default","ast-global-header-display":"","ast-banner-title-visibility":"","ast-main-header-display":"","ast-hfb-above-header-display":"","ast-hfb-below-header-display":"","ast-hfb-mobile-header-display":"","site-post-title":"","ast-breadcrumbs-content":"","ast-featured-img":"","footer-sml-layout":"","ast-disable-related-posts":"","theme-transparent-header-meta":"default","adv-header-id-meta":"","stick-header-meta":"","header-above-stick-meta":"","header-main-stick-meta":"","header-below-stick-meta":"","astra-migrate-meta-layouts":"set","ast-page-background-enabled":"default","ast-page-background-meta":{"desktop":{"background-color":"var(--ast-global-color-4)","background-image":"","background-repeat":"repeat","background-position":"center center","background-size":"auto","background-attachment":"scroll","background-type":"","background-media":"","overlay-type":"","overlay-color":"","overlay-opacity":"","overlay-gradient":""},"tablet":{"background-color":"","background-image":"","background-repeat":"repeat","background-position":"center center","background-size":"auto","background-attachment":"scroll","background-type":"","background-media":"","overlay-type":"","overlay-color":"","overlay-opacity":"","overlay-gradient":""},"mobile":{"background-color":"","background-image":"","background-repeat":"repeat","background-position":"center center","background-size":"auto","background-attachment":"scroll","background-type":"","background-media":"","overlay-type":"","overlay-color":"","overlay-opacity":"","overlay-gradient":""}},"ast-content-background-meta":{"desktop":{"background-color":"var(--ast-global-color-5)","background-image":"","background-repeat":"repeat","background-position":"center center","background-size":"auto","background-attachment":"scroll","background-type":"","background-media":"","overlay-type":"","overlay-color":"","overlay-opacity":"","overlay-gradient":""},"tablet":{"background-color":"var(--ast-global-color-5)","background-image":"","background-repeat":"repeat","background-position":"center center","background-size":"auto","background-attachment":"scroll","background-type":"","background-media":"","overlay-type":"","overlay-color":"","overlay-opacity":"","overlay-gradient":""},"mobile":{"background-color":"var(--ast-global-color-5)","background-image":"","background-repeat":"repeat","background-position":"center center","background-size":"auto","background-attachment":"scroll","background-type":"","background-media":"","overlay-type":"","overlay-color":"","overlay-opacity":"","overlay-gradient":""}}},"product_brand":[],"product_cat":[115,116],"product_tag":[],"class_list":{"0":"post-7316","1":"product","2":"type-product","3":"status-publish","4":"has-post-thumbnail","6":"product_cat-moda-2","7":"product_cat-ropa","8":"desktop-align-left","9":"tablet-align-left","10":"mobile-align-left","12":"first","13":"instock","14":"shipping-taxable","15":"purchasable","16":"product-type-variable"},"aioseo_notices":[],"uagb_featured_image_src":{"full":["https:\/\/tiendasdorado.online\/wp-content\/uploads\/2025\/07\/productImage-1741353935918-1.jpeg",960,1280,false],"thumbnail":["https:\/\/tiendasdorado.online\/wp-content\/uploads\/2025\/07\/productImage-1741353935918-1-150x150.jpeg",150,150,true],"medium":["https:\/\/tiendasdorado.online\/wp-content\/uploads\/2025\/07\/productImage-1741353935918-1-225x300.jpeg",225,300,true],"medium_large":["https:\/\/tiendasdorado.online\/wp-content\/uploads\/2025\/07\/productImage-1741353935918-1-768x1024.jpeg",768,1024,true],"large":["https:\/\/tiendasdorado.online\/wp-content\/uploads\/2025\/07\/productImage-1741353935918-1-768x1024.jpeg",768,1024,true],"1536x1536":["https:\/\/tiendasdorado.online\/wp-content\/uploads\/2025\/07\/productImage-1741353935918-1.jpeg",960,1280,false],"2048x2048":["https:\/\/tiendasdorado.online\/wp-content\/uploads\/2025\/07\/productImage-1741353935918-1.jpeg",960,1280,false],"woocommerce_thumbnail":["https:\/\/tiendasdorado.online\/wp-content\/uploads\/2025\/07\/productImage-1741353935918-1-300x300.jpeg",300,300,true],"woocommerce_single":["https:\/\/tiendasdorado.online\/wp-content\/uploads\/2025\/07\/productImage-1741353935918-1-600x800.jpeg",600,800,true],"woocommerce_gallery_thumbnail":["https:\/\/tiendasdorado.online\/wp-content\/uploads\/2025\/07\/productImage-1741353935918-1-100x100.jpeg",100,100,true]},"uagb_author_info":{"display_name":"Crsitian Paguai","author_link":"https:\/\/tiendasdorado.online\/product-category\/catalogo\/author\/"},"uagb_comment_info":0,"uagb_excerpt":"tallas unica","_links":{"self":[{"href":"https:\/\/tiendasdorado.online\/product-category\/catalogo\/wp-json\/wp\/v2\/product\/7316","targetHints":{"allow":["GET"]}}],"collection":[{"href":"https:\/\/tiendasdorado.online\/product-category\/catalogo\/wp-json\/wp\/v2\/product"}],"about":[{"href":"https:\/\/tiendasdorado.online\/product-category\/catalogo\/wp-json\/wp\/v2\/types\/product"}],"replies":[{"embeddable":true,"href":"https:\/\/tiendasdorado.online\/product-category\/catalogo\/wp-json\/wp\/v2\/comments?post=7316"}],"wp:featuredmedia":[{"embeddable":true,"href":"https:\/\/tiendasdorado.online\/product-category\/catalogo\/wp-json\/wp\/v2\/media\/7322"}],"wp:attachment":[{"href":"https:\/\/tiendasdorado.online\/product-category\/catalogo\/wp-json\/wp\/v2\/media?parent=7316"}],"wp:term":[{"taxonomy":"product_brand","embeddable":true,"href":"https:\/\/tiendasdorado.online\/product-category\/catalogo\/wp-json\/wp\/v2\/product_brand?post=7316"},{"taxonomy":"product_cat","embeddable":true,"href":"https:\/\/tiendasdorado.online\/product-category\/catalogo\/wp-json\/wp\/v2\/product_cat?post=7316"},{"taxonomy":"product_tag","embeddable":true,"href":"https:\/\/tiendasdorado.online\/product-category\/catalogo\/wp-json\/wp\/v2\/product_tag?post=7316"}],"curies":[{"name":"wp","href":"https:\/\/api.w.org\/{rel}","templated":true}]}}